{"id":5314,"date":"2022-05-27T18:06:33","date_gmt":"2022-05-27T21:06:33","guid":{"rendered":"https:\/\/www.web.devops.arsat.com.ar\/?page_id=5314"},"modified":"2022-06-15T11:12:53","modified_gmt":"2022-06-15T14:12:53","slug":"requisito-de-informacion-rfi-conectar-escuelas","status":"publish","type":"page","link":"https:\/\/\/web.devops.arsat.com.ar\/estamos-contectados\/requisito-de-informacion-rfi-conectar-escuelas\/","title":{"rendered":"Requerimiento de informaci\u00f3n (RFI) &#8211; Conectar Escuelas"},"content":{"rendered":"<h4><em><strong>Se prorroga la presentaci\u00f3n de las respuestas hasta el 28\/06.<\/strong><\/em><\/h4>\n<p>Se inicia este proceso de Recolecci\u00f3n de Informaci\u00f3n a los fines de ajusta de manera m\u00e1s efectiva la planificaci\u00f3n para la provisi\u00f3n y el despliegue de los servicios mencionados.<\/p>\n<p>La informaci\u00f3n solicitada revisitara car\u00e1cter confidencial y solo podr\u00e1 ser utilizada a los fines de que la empresa elabore el instrumento de adquisici\u00f3n correspondiente para los servicios listados en el presente requerimiento, no pudiendo ser duplicada, publicada ni compartida con ning\u00fan otro actor que no sea la empresa requirente u otras personas directamente vinculadas al proceso en curso.<\/p>\n<h5><strong>Informaci\u00f3n solicitada<\/strong><\/h5>\n<p>Se solicita para los puntos indicados en las tablas de los archivos adjuntos, la adquisici\u00f3n por un periodo de 24 meses, de un servicio de conectividad a INTERNET con las siguientes caracter\u00edsticas:<\/p>\n<ul>\n<li>Enlace asim\u00e9trico con capacidad garantizadas de downlink seg\u00fan se indica en la tabla para cada punto. En el caso de no poder cumplir con el requerimiento solicitado, cotizar la mejor alternativa posible a brindar, aclarando la capacidad ofrecida.<\/li>\n<li>Aclarar la tecnolog\u00eda utilizada para el Enlace<\/li>\n<li>Conexi\u00f3n a enlace en sitio por conector ethernet RJ45, al cual se conectar\u00e1 un Access Point marca Cisco Meraki (a ser provisto por ARSAT o Min. Educaci\u00f3n), mediante cable UTP a ser previsto por el prestador del servicio.<\/li>\n<li>La ubicaci\u00f3n exacta del equipo de Enlace al que se conectar\u00e1 el AP ser\u00e1 indicada por ARSAT previamente a las instalaciones.<\/li>\n<li>Los equipos ser\u00e1n instalados en la misma sala donde el establecimiento posea el \u201cPiso Tecnol\u00f3gico\u201d*, o donde el establecimiento tenga planificado su instalaci\u00f3n.<\/li>\n<\/ul>\n<p><em>*Piso Tecnol\u00f3gico: La arquitectura del hardware a instalar, o instalado en las escuelas<\/em><\/p>\n<h5><strong>Env\u00edo de Informaci\u00f3n<\/strong><\/h5>\n<ul>\n<li>Enviar el archivo con los datos solicitados a: <a href=\"mailto:rfi.escuelas@web.devops.web.devops.web.devops.arsat.com.ar\">rfi.escuelas@web.devops.web.devops.web.devops.arsat.com.ar<\/a><\/li>\n<li>Nombrar el archivo de la siguiente manera: <strong>\u00abCUIT-Provincia.xlsx\u00bb<\/strong> (eje: 30709670413-Buenos Aires Zona 1.xlsx)<\/li>\n<li>El proceso de Recolecci\u00f3n de Informaci\u00f3n presente estar\u00e1 <strong>disponible hasta el d\u00eda 18\/06 a la hora 00:00<\/strong> no pudiendo enviarse informaci\u00f3n adicional luego de este t\u00e9rmino.<\/li>\n<li>En el caso de que surjan consultas, realizarlas por mail a <a href=\"mailto:rfi.escuelas@web.devops.web.devops.web.devops.arsat.com.ar\">rfi.escuelas@web.devops.web.devops.web.devops.arsat.com.ar<\/a><\/li>\n<\/ul>\n<h5><strong>Tablas RFI Escuelas<\/strong><\/h5>\n<ul>\n<li><a href=\"https:\/\/www.web.devops.web.devops.web.devops.arsat.com.ar\/wp-content\/uploads\/2022\/05\/RFI-Buenos-Aires-Zona-1.xlsx\">RFI Buenos Aires Zona 1<\/a><\/li>\n<li><a href=\"https:\/\/www.web.devops.web.devops.web.devops.arsat.com.ar\/wp-content\/uploads\/2022\/05\/RFI-Buenos-Aires-Zona-2.xlsx\">RFI Buenos Aires Zona 2<\/a><\/li>\n<li><a href=\"https:\/\/www.web.devops.web.devops.web.devops.arsat.com.ar\/wp-content\/uploads\/2022\/05\/RFI-Buenos-Aires-Zona-3.xlsx\">RFI Buenos Aires Zona 3<\/a><\/li>\n<li><a href=\"https:\/\/www.web.devops.web.devops.web.devops.arsat.com.ar\/wp-content\/uploads\/2022\/05\/RFI-Buenos-Aires-Zona-4.xlsx\">RFI Buenos Aires Zona 4<\/a><\/li>\n<li><a href=\"https:\/\/www.web.devops.web.devops.web.devops.arsat.com.ar\/wp-content\/uploads\/2022\/05\/RFI-Catamarca.xlsx\">RFI Catamarca<\/a><\/li>\n<li><a href=\"https:\/\/www.web.devops.web.devops.web.devops.arsat.com.ar\/wp-content\/uploads\/2022\/05\/RFI-Chaco.xlsx\">RFI Chaco<\/a><\/li>\n<li><a href=\"https:\/\/www.web.devops.web.devops.web.devops.arsat.com.ar\/wp-content\/uploads\/2022\/05\/RFI-Chubut.xlsx\">RFI Chubut<\/a><\/li>\n<li><a href=\"https:\/\/www.web.devops.web.devops.web.devops.arsat.com.ar\/wp-content\/uploads\/2022\/05\/RFI-Cordoba.xlsx\">RFI Cordoba<\/a><\/li>\n<li><a href=\"https:\/\/www.web.devops.web.devops.web.devops.arsat.com.ar\/wp-content\/uploads\/2022\/05\/RFI-Corrientes.xlsx\">RFI Corrientes<\/a><\/li>\n<li><a href=\"https:\/\/www.web.devops.web.devops.web.devops.arsat.com.ar\/wp-content\/uploads\/2022\/05\/RFI-Entre-Rios.xlsx\">RFI Entre Rios<\/a><\/li>\n<li><a href=\"https:\/\/www.web.devops.web.devops.web.devops.arsat.com.ar\/wp-content\/uploads\/2022\/05\/RFI-Formosa.xlsx\">RFI Formosa<\/a><\/li>\n<li><a href=\"https:\/\/www.web.devops.web.devops.web.devops.arsat.com.ar\/wp-content\/uploads\/2022\/05\/RFI-Jujuy.xlsx\">RFI Jujuy<\/a><\/li>\n<li><a href=\"https:\/\/www.web.devops.web.devops.web.devops.arsat.com.ar\/wp-content\/uploads\/2022\/05\/RFI-La-Pampa.xlsx\">RFI La Pampa<\/a><\/li>\n<li><a href=\"https:\/\/www.web.devops.web.devops.web.devops.arsat.com.ar\/wp-content\/uploads\/2022\/05\/RFI-La-Rioja.xlsx\">RFI La Rioja<\/a><\/li>\n<li><a href=\"https:\/\/www.web.devops.web.devops.web.devops.arsat.com.ar\/wp-content\/uploads\/2022\/05\/RFI-Mendoza.xlsx\">RFI Mendoza<\/a><\/li>\n<li><a href=\"https:\/\/www.web.devops.web.devops.web.devops.arsat.com.ar\/wp-content\/uploads\/2022\/05\/RFI-Misiones.xlsx\">RFI Misiones<\/a><\/li>\n<li><a href=\"https:\/\/www.web.devops.web.devops.web.devops.arsat.com.ar\/wp-content\/uploads\/2022\/05\/RFI-Neuquen.xlsx\">RFI Neuquen<\/a><\/li>\n<li><a href=\"https:\/\/www.web.devops.web.devops.web.devops.arsat.com.ar\/wp-content\/uploads\/2022\/05\/RFI-Rio-Negro.xlsx\">RFI Rio Negro<\/a><\/li>\n<li><a href=\"https:\/\/www.web.devops.web.devops.web.devops.arsat.com.ar\/wp-content\/uploads\/2022\/05\/RFI-Salta.xlsx\">RFI Salta<\/a><\/li>\n<li><a href=\"https:\/\/www.web.devops.web.devops.web.devops.arsat.com.ar\/wp-content\/uploads\/2022\/05\/RFI-San-Juan.xlsx\">RFI San Juan<\/a><\/li>\n<li><a href=\"https:\/\/www.web.devops.web.devops.web.devops.arsat.com.ar\/wp-content\/uploads\/2022\/05\/RFI-Santa-Cruz.xlsx\">RFI Santa Cruz<\/a><\/li>\n<li><a href=\"https:\/\/www.web.devops.web.devops.web.devops.arsat.com.ar\/wp-content\/uploads\/2022\/05\/RFI-Santa-Fe.xlsx\">RFI Santa Fe<\/a><\/li>\n<li><a href=\"https:\/\/www.web.devops.web.devops.web.devops.arsat.com.ar\/wp-content\/uploads\/2022\/05\/RFI-Santiago-del-Estero.xlsx\">RFI Santiago del Estero<\/a><\/li>\n<li><a href=\"https:\/\/www.web.devops.web.devops.web.devops.arsat.com.ar\/wp-content\/uploads\/2022\/05\/RFI-Tierra-del-Fuego.xlsx\">RFI Tierra del Fuego<\/a><\/li>\n<li><a href=\"https:\/\/www.web.devops.web.devops.web.devops.arsat.com.ar\/wp-content\/uploads\/2022\/05\/RFI-Tucuman.xlsx\">RFI Tucuman<\/a><\/li>\n<\/ul>\n","protected":false},"excerpt":{"rendered":"Se prorroga la presentaci\u00f3n de las respuestas hasta el 28\/06. Se inicia este proceso de Recolecci\u00f3n de Informaci\u00f3n a los fines de ajusta de manera m\u00e1s efectiva la planificaci\u00f3n para la provisi\u00f3n y el despliegue de los servicios mencionados. La informaci\u00f3n solicitada revisitara car\u00e1cter confidencial y solo podr\u00e1 ser utilizada a los fines de que&#8230; <a class=\"view-article\" href=\"https:\/\/\/web.devops.arsat.com.ar\/estamos-contectados\/requisito-de-informacion-rfi-conectar-escuelas\/\">View Article<\/a>","protected":false},"author":15,"featured_media":0,"parent":37,"menu_order":33,"comment_status":"closed","ping_status":"closed","template":"","meta":{"footnotes":""},"class_list":["post-5314","page","type-page","status-publish","hentry"],"acf":[],"yoast_head":"<!-- This site is optimized with the Yoast SEO plugin v19.7.2 - https:\/\/yoast.com\/wordpress\/plugins\/seo\/ -->\n<title>Requerimiento de informaci\u00f3n (RFI) - Conectar Escuelas - Arsat<\/title>\n<meta name=\"robots\" content=\"index, follow, max-snippet:-1, max-image-preview:large, max-video-preview:-1\" \/>\n<link rel=\"canonical\" href=\"https:\/\/web.devops.arsat.com.ar\/estamos-contectados\/requisito-de-informacion-rfi-conectar-escuelas\/\" \/>\n<meta property=\"og:locale\" content=\"es_ES\" \/>\n<meta property=\"og:type\" content=\"article\" \/>\n<meta property=\"og:title\" content=\"Requerimiento de informaci\u00f3n (RFI) - Conectar Escuelas - Arsat\" \/>\n<meta property=\"og:description\" content=\"Se prorroga la presentaci\u00f3n de las respuestas hasta el 28\/06. Se inicia este proceso de Recolecci\u00f3n de Informaci\u00f3n a los fines de ajusta de manera m\u00e1s efectiva la planificaci\u00f3n para la provisi\u00f3n y el despliegue de los servicios mencionados. La informaci\u00f3n solicitada revisitara car\u00e1cter confidencial y solo podr\u00e1 ser utilizada a los fines de que... View Article\" \/>\n<meta property=\"og:url\" content=\"https:\/\/\/web.devops.arsat.com.ar\/estamos-contectados\/requisito-de-informacion-rfi-conectar-escuelas\/\" \/>\n<meta property=\"og:site_name\" content=\"Arsat\" \/>\n<meta property=\"article:publisher\" content=\"https:\/\/www.facebook.com\/arsatsa\/\" \/>\n<meta property=\"article:modified_time\" content=\"2022-06-15T14:12:53+00:00\" \/>\n<meta name=\"twitter:card\" content=\"summary_large_image\" \/>\n<meta name=\"twitter:site\" content=\"@ARSATSA\" \/>\n<meta name=\"twitter:label1\" content=\"Tiempo de lectura\" \/>\n\t<meta name=\"twitter:data1\" content=\"2 minutos\" \/>\n<script type=\"application\/ld+json\" class=\"yoast-schema-graph\">{\"@context\":\"https:\/\/schema.org\",\"@graph\":[{\"@type\":\"WebPage\",\"@id\":\"https:\/\/\/web.devops.arsat.com.ar\/estamos-contectados\/requisito-de-informacion-rfi-conectar-escuelas\/\",\"url\":\"https:\/\/\/web.devops.arsat.com.ar\/estamos-contectados\/requisito-de-informacion-rfi-conectar-escuelas\/\",\"name\":\"Requerimiento de informaci\u00f3n (RFI) - Conectar Escuelas - Arsat\",\"isPartOf\":{\"@id\":\"https:\/\/\/web.devops.arsat.com.ar\/#website\"},\"datePublished\":\"2022-05-27T21:06:33+00:00\",\"dateModified\":\"2022-06-15T14:12:53+00:00\",\"breadcrumb\":{\"@id\":\"https:\/\/\/web.devops.arsat.com.ar\/estamos-contectados\/requisito-de-informacion-rfi-conectar-escuelas\/#breadcrumb\"},\"inLanguage\":\"es\",\"potentialAction\":[{\"@type\":\"ReadAction\",\"target\":[\"https:\/\/\/web.devops.arsat.com.ar\/estamos-contectados\/requisito-de-informacion-rfi-conectar-escuelas\/\"]}]},{\"@type\":\"BreadcrumbList\",\"@id\":\"https:\/\/\/web.devops.arsat.com.ar\/estamos-contectados\/requisito-de-informacion-rfi-conectar-escuelas\/#breadcrumb\",\"itemListElement\":[{\"@type\":\"ListItem\",\"position\":1,\"name\":\"Inicio\",\"item\":\"\/\"},{\"@type\":\"ListItem\",\"position\":2,\"name\":\"Estamos conectados\",\"item\":\"\/\"},{\"@type\":\"ListItem\",\"position\":3,\"name\":\"Requerimiento de informaci\u00f3n (RFI) &#8211; Conectar Escuelas\"}]},{\"@type\":\"WebSite\",\"@id\":\"https:\/\/\/web.devops.arsat.com.ar\/#website\",\"url\":\"https:\/\/\/web.devops.arsat.com.ar\/\",\"name\":\"Arsat\",\"description\":\"Estamos conectados\",\"publisher\":{\"@id\":\"https:\/\/\/web.devops.arsat.com.ar\/#organization\"},\"potentialAction\":[{\"@type\":\"SearchAction\",\"target\":{\"@type\":\"EntryPoint\",\"urlTemplate\":\"https:\/\/\/web.devops.arsat.com.ar\/?s={search_term_string}\"},\"query-input\":\"required name=search_term_string\"}],\"inLanguage\":\"es\"},{\"@type\":\"Organization\",\"@id\":\"https:\/\/\/web.devops.arsat.com.ar\/#organization\",\"name\":\"ARSAT\",\"url\":\"https:\/\/\/web.devops.arsat.com.ar\/\",\"sameAs\":[\"https:\/\/www.instagram.com\/arsatok\/\",\"https:\/\/www.youtube.com\/channel\/UCzMa-rxDrzoFGPdmhsewDiA\",\"https:\/\/www.facebook.com\/arsatsa\/\",\"https:\/\/twitter.com\/ARSATSA\"],\"logo\":{\"@type\":\"ImageObject\",\"inLanguage\":\"es\",\"@id\":\"https:\/\/\/web.devops.arsat.com.ar\/#\/schema\/logo\/image\/\",\"url\":\"https:\/\/www.arsat.com.ar\/wp-content\/uploads\/2021\/03\/Antena-desde-aire.jpg\",\"contentUrl\":\"https:\/\/www.arsat.com.ar\/wp-content\/uploads\/2021\/03\/Antena-desde-aire.jpg\",\"width\":1750,\"height\":984,\"caption\":\"ARSAT\"},\"image\":{\"@id\":\"https:\/\/\/web.devops.arsat.com.ar\/#\/schema\/logo\/image\/\"}}]}<\/script>\n<!-- \/ Yoast SEO plugin. -->","yoast_head_json":{"title":"Requerimiento de informaci\u00f3n (RFI) - Conectar Escuelas - Arsat","robots":{"index":"index","follow":"follow","max-snippet":"max-snippet:-1","max-image-preview":"max-image-preview:large","max-video-preview":"max-video-preview:-1"},"canonical":"https:\/\/web.devops.arsat.com.ar\/estamos-contectados\/requisito-de-informacion-rfi-conectar-escuelas\/","og_locale":"es_ES","og_type":"article","og_title":"Requerimiento de informaci\u00f3n (RFI) - Conectar Escuelas - Arsat","og_description":"Se prorroga la presentaci\u00f3n de las respuestas hasta el 28\/06. Se inicia este proceso de Recolecci\u00f3n de Informaci\u00f3n a los fines de ajusta de manera m\u00e1s efectiva la planificaci\u00f3n para la provisi\u00f3n y el despliegue de los servicios mencionados. La informaci\u00f3n solicitada revisitara car\u00e1cter confidencial y solo podr\u00e1 ser utilizada a los fines de que... View Article","og_url":"https:\/\/\/web.devops.arsat.com.ar\/estamos-contectados\/requisito-de-informacion-rfi-conectar-escuelas\/","og_site_name":"Arsat","article_publisher":"https:\/\/www.facebook.com\/arsatsa\/","article_modified_time":"2022-06-15T14:12:53+00:00","twitter_card":"summary_large_image","twitter_site":"@ARSATSA","twitter_misc":{"Tiempo de lectura":"2 minutos"},"schema":{"@context":"https:\/\/schema.org","@graph":[{"@type":"WebPage","@id":"https:\/\/\/web.devops.arsat.com.ar\/estamos-contectados\/requisito-de-informacion-rfi-conectar-escuelas\/","url":"https:\/\/\/web.devops.arsat.com.ar\/estamos-contectados\/requisito-de-informacion-rfi-conectar-escuelas\/","name":"Requerimiento de informaci\u00f3n (RFI) - Conectar Escuelas - Arsat","isPartOf":{"@id":"https:\/\/\/web.devops.arsat.com.ar\/#website"},"datePublished":"2022-05-27T21:06:33+00:00","dateModified":"2022-06-15T14:12:53+00:00","breadcrumb":{"@id":"https:\/\/\/web.devops.arsat.com.ar\/estamos-contectados\/requisito-de-informacion-rfi-conectar-escuelas\/#breadcrumb"},"inLanguage":"es","potentialAction":[{"@type":"ReadAction","target":["https:\/\/\/web.devops.arsat.com.ar\/estamos-contectados\/requisito-de-informacion-rfi-conectar-escuelas\/"]}]},{"@type":"BreadcrumbList","@id":"https:\/\/\/web.devops.arsat.com.ar\/estamos-contectados\/requisito-de-informacion-rfi-conectar-escuelas\/#breadcrumb","itemListElement":[{"@type":"ListItem","position":1,"name":"Inicio","item":"\/"},{"@type":"ListItem","position":2,"name":"Estamos conectados","item":"\/"},{"@type":"ListItem","position":3,"name":"Requerimiento de informaci\u00f3n (RFI) &#8211; Conectar Escuelas"}]},{"@type":"WebSite","@id":"https:\/\/\/web.devops.arsat.com.ar\/#website","url":"https:\/\/\/web.devops.arsat.com.ar\/","name":"Arsat","description":"Estamos conectados","publisher":{"@id":"https:\/\/\/web.devops.arsat.com.ar\/#organization"},"potentialAction":[{"@type":"SearchAction","target":{"@type":"EntryPoint","urlTemplate":"https:\/\/\/web.devops.arsat.com.ar\/?s={search_term_string}"},"query-input":"required name=search_term_string"}],"inLanguage":"es"},{"@type":"Organization","@id":"https:\/\/\/web.devops.arsat.com.ar\/#organization","name":"ARSAT","url":"https:\/\/\/web.devops.arsat.com.ar\/","sameAs":["https:\/\/www.instagram.com\/arsatok\/","https:\/\/www.youtube.com\/channel\/UCzMa-rxDrzoFGPdmhsewDiA","https:\/\/www.facebook.com\/arsatsa\/","https:\/\/twitter.com\/ARSATSA"],"logo":{"@type":"ImageObject","inLanguage":"es","@id":"https:\/\/\/web.devops.arsat.com.ar\/#\/schema\/logo\/image\/","url":"https:\/\/www.arsat.com.ar\/wp-content\/uploads\/2021\/03\/Antena-desde-aire.jpg","contentUrl":"https:\/\/www.arsat.com.ar\/wp-content\/uploads\/2021\/03\/Antena-desde-aire.jpg","width":1750,"height":984,"caption":"ARSAT"},"image":{"@id":"https:\/\/\/web.devops.arsat.com.ar\/#\/schema\/logo\/image\/"}}]}},"_links":{"self":[{"href":"https:\/\/\/web.devops.arsat.com.ar\/wp-json\/wp\/v2\/pages\/5314","targetHints":{"allow":["GET"]}}],"collection":[{"href":"https:\/\/\/web.devops.arsat.com.ar\/wp-json\/wp\/v2\/pages"}],"about":[{"href":"https:\/\/\/web.devops.arsat.com.ar\/wp-json\/wp\/v2\/types\/page"}],"author":[{"embeddable":true,"href":"https:\/\/\/web.devops.arsat.com.ar\/wp-json\/wp\/v2\/users\/15"}],"replies":[{"embeddable":true,"href":"https:\/\/\/web.devops.arsat.com.ar\/wp-json\/wp\/v2\/comments?post=5314"}],"version-history":[{"count":4,"href":"https:\/\/\/web.devops.arsat.com.ar\/wp-json\/wp\/v2\/pages\/5314\/revisions"}],"predecessor-version":[{"id":6649,"href":"https:\/\/\/web.devops.arsat.com.ar\/wp-json\/wp\/v2\/pages\/5314\/revisions\/6649"}],"up":[{"embeddable":true,"href":"https:\/\/\/web.devops.arsat.com.ar\/wp-json\/wp\/v2\/pages\/37"}],"wp:attachment":[{"href":"https:\/\/\/web.devops.arsat.com.ar\/wp-json\/wp\/v2\/media?parent=5314"}],"curies":[{"name":"wp","href":"https:\/\/api.w.org\/{rel}","templated":true}]}}