{"id":7892,"date":"2023-01-21T07:25:38","date_gmt":"2023-01-21T10:25:38","guid":{"rendered":"https:\/\/www.web.devops.arsat.com.ar\/?page_id=7892"},"modified":"2024-03-12T15:35:19","modified_gmt":"2024-03-12T18:35:19","slug":"terrestre","status":"publish","type":"page","link":"https:\/\/\/web.devops.arsat.com.ar\/soluciones-comerciales\/conectividad\/terrestre\/","title":{"rendered":"Conectividad Terrestre"},"content":{"rendered":"<h3 id=\"internet\">Internet<\/h3>\n<p>Brindamos acceso con velocidad acorde a las necesidades del cliente. Nuestra red ofrece tr\u00e1fico nacional a trav\u00e9s de data center propio y cach\u00e9s distribuidos en puntos estrat\u00e9gicos del pa\u00eds, y tr\u00e1fico internacional, gracias a los dos sistemas existentes en Argentina de Cable Submarino, el SAM-1 y el SAC. Aseguramos una alta tasa de transmisi\u00f3n, seguridad y rendimiento del servicio.<\/p>\n<h5><strong>Modalidades<\/strong><\/h5>\n<ul>\n<li>Internet Dedicado<\/li>\n<li>Tr\u00e1nsito IP<\/li>\n<\/ul>\n<h3 id=\"lantolan\">Lan to Lan<\/h3>\n<p>Es un servicio punto a punto entre dos sitios del cliente, donde ambos trabajan en modo de LAN extendida. Se basa en el est\u00e1ndar Ethernet y el transporte se realiza utilizando \u201cpseudowires\u201d en modo VLAN sobre la red MPLS. Gracias a su simplicidad, permite cumplir con los requerimientos de las aplicaciones m\u00e1s exigentes, respaldado por un protocolo robusto como es MPLS.<\/p>\n<h3 id=\"trebol\">Tr\u00e1fico Nacional<\/h3>\n<p>Ponemos a disposici\u00f3n de aquellos clientes que cuentan con nuestro servicio de Internet, acceso espec\u00edfico a los cach\u00e9s de Internet alojados sobre el backbone Internet de ARSAT.<\/p>\n<h3 id=\"dwdm\">DWDM<\/h3>\n<p>Disponemos de una red de Transporte DWDM con presencia en todo el territorio nacional, la misma ha sido desplegada mediante equipos de \u00faltima generaci\u00f3n. La capa de transporte de red est\u00e1 basada en la tecnolog\u00eda DWDM\/OTN, brindando interfaces de cliente (UNI)<br \/>\nmultiprotocolo soportando diferentes velocidades.<\/p>\n<h5><strong>Protocolos soportados<\/strong><\/h5>\n<ul>\n<li>Ethernet SDH<\/li>\n<li>OTN FibreChannel Video<\/li>\n<\/ul>\n<h3 id=\"mpls\">MPLS<\/h3>\n<p>La red MPLS\/IP o capa de servicio, est\u00e1 construida sobre la capa de transporte DWDM, permite brindar servicios cuyas velocidades van desde los 50Mbps alcanzando anchos de banda de 10Gbps.<\/p>\n","protected":false},"excerpt":{"rendered":"Internet Brindamos acceso con velocidad acorde a las necesidades del cliente. Nuestra red ofrece tr\u00e1fico nacional a trav\u00e9s de data center propio y cach\u00e9s distribuidos en puntos estrat\u00e9gicos del pa\u00eds, y tr\u00e1fico internacional, gracias a los dos sistemas existentes en Argentina de Cable Submarino, el SAM-1 y el SAC. Aseguramos una alta tasa de transmisi\u00f3n,&#8230; <a class=\"view-article\" href=\"https:\/\/\/web.devops.arsat.com.ar\/soluciones-comerciales\/conectividad\/terrestre\/\">View Article<\/a>","protected":false},"author":15,"featured_media":7893,"parent":8067,"menu_order":26,"comment_status":"closed","ping_status":"closed","template":"template-soluciones.php","meta":{"footnotes":""},"class_list":["post-7892","page","type-page","status-publish","has-post-thumbnail","hentry"],"acf":[],"yoast_head":"<!-- This site is optimized with the Yoast SEO plugin v19.7.2 - https:\/\/yoast.com\/wordpress\/plugins\/seo\/ -->\n<title>Conectividad Terrestre - Arsat<\/title>\n<meta name=\"description\" content=\"Brindamos Internet con altas velocidades gracias a nuestra Red Federal de Fibra \u00d3ptica que tiene desplegados m\u00e1s de 31.000 km iluminados.\" \/>\n<meta name=\"robots\" content=\"index, follow, max-snippet:-1, max-image-preview:large, max-video-preview:-1\" \/>\n<link rel=\"canonical\" href=\"https:\/\/web.devops.arsat.com.ar\/soluciones-comerciales\/conectividad\/terrestre\/\" \/>\n<meta property=\"og:locale\" content=\"es_ES\" \/>\n<meta property=\"og:type\" content=\"article\" \/>\n<meta property=\"og:title\" content=\"Conectividad Terrestre - Arsat\" \/>\n<meta property=\"og:description\" content=\"Brindamos Internet con altas velocidades gracias a nuestra Red Federal de Fibra \u00d3ptica que tiene desplegados m\u00e1s de 31.000 km iluminados.\" \/>\n<meta property=\"og:url\" content=\"https:\/\/\/web.devops.arsat.com.ar\/soluciones-comerciales\/conectividad\/terrestre\/\" \/>\n<meta property=\"og:site_name\" content=\"Arsat\" \/>\n<meta property=\"article:publisher\" content=\"https:\/\/www.facebook.com\/arsatsa\/\" \/>\n<meta property=\"article:modified_time\" content=\"2024-03-12T18:35:19+00:00\" \/>\n<meta property=\"og:image\" content=\"https:\/\/web.devops.arsat.com.ar\/wp-content\/uploads\/2023\/01\/icono-servicio-terrestre.png\" \/>\n\t<meta property=\"og:image:width\" content=\"512\" \/>\n\t<meta property=\"og:image:height\" content=\"512\" \/>\n\t<meta property=\"og:image:type\" content=\"image\/png\" \/>\n<meta name=\"twitter:card\" content=\"summary_large_image\" \/>\n<meta name=\"twitter:site\" content=\"@ARSATSA\" \/>\n<meta name=\"twitter:label1\" content=\"Tiempo de lectura\" \/>\n\t<meta name=\"twitter:data1\" content=\"2 minutos\" \/>\n<script type=\"application\/ld+json\" class=\"yoast-schema-graph\">{\"@context\":\"https:\/\/schema.org\",\"@graph\":[{\"@type\":\"WebPage\",\"@id\":\"https:\/\/\/web.devops.arsat.com.ar\/soluciones-comerciales\/conectividad\/terrestre\/\",\"url\":\"https:\/\/\/web.devops.arsat.com.ar\/soluciones-comerciales\/conectividad\/terrestre\/\",\"name\":\"Conectividad Terrestre - Arsat\",\"isPartOf\":{\"@id\":\"https:\/\/\/web.devops.arsat.com.ar\/#website\"},\"datePublished\":\"2023-01-21T10:25:38+00:00\",\"dateModified\":\"2024-03-12T18:35:19+00:00\",\"description\":\"Brindamos Internet con altas velocidades gracias a nuestra Red Federal de Fibra \u00d3ptica que tiene desplegados m\u00e1s de 31.000 km iluminados.\",\"breadcrumb\":{\"@id\":\"https:\/\/\/web.devops.arsat.com.ar\/soluciones-comerciales\/conectividad\/terrestre\/#breadcrumb\"},\"inLanguage\":\"es\",\"potentialAction\":[{\"@type\":\"ReadAction\",\"target\":[\"https:\/\/\/web.devops.arsat.com.ar\/soluciones-comerciales\/conectividad\/terrestre\/\"]}]},{\"@type\":\"BreadcrumbList\",\"@id\":\"https:\/\/\/web.devops.arsat.com.ar\/soluciones-comerciales\/conectividad\/terrestre\/#breadcrumb\",\"itemListElement\":[{\"@type\":\"ListItem\",\"position\":1,\"name\":\"Inicio\",\"item\":\"\/\"},{\"@type\":\"ListItem\",\"position\":2,\"name\":\"Soluciones comerciales\",\"item\":\"\/\"},{\"@type\":\"ListItem\",\"position\":3,\"name\":\"Conectividad\",\"item\":\"\/\"},{\"@type\":\"ListItem\",\"position\":4,\"name\":\"Conectividad Terrestre\"}]},{\"@type\":\"WebSite\",\"@id\":\"https:\/\/\/web.devops.arsat.com.ar\/#website\",\"url\":\"https:\/\/\/web.devops.arsat.com.ar\/\",\"name\":\"Arsat\",\"description\":\"Estamos conectados\",\"publisher\":{\"@id\":\"https:\/\/\/web.devops.arsat.com.ar\/#organization\"},\"potentialAction\":[{\"@type\":\"SearchAction\",\"target\":{\"@type\":\"EntryPoint\",\"urlTemplate\":\"https:\/\/\/web.devops.arsat.com.ar\/?s={search_term_string}\"},\"query-input\":\"required name=search_term_string\"}],\"inLanguage\":\"es\"},{\"@type\":\"Organization\",\"@id\":\"https:\/\/\/web.devops.arsat.com.ar\/#organization\",\"name\":\"ARSAT\",\"url\":\"https:\/\/\/web.devops.arsat.com.ar\/\",\"sameAs\":[\"https:\/\/www.instagram.com\/arsatok\/\",\"https:\/\/www.youtube.com\/channel\/UCzMa-rxDrzoFGPdmhsewDiA\",\"https:\/\/www.facebook.com\/arsatsa\/\",\"https:\/\/twitter.com\/ARSATSA\"],\"logo\":{\"@type\":\"ImageObject\",\"inLanguage\":\"es\",\"@id\":\"https:\/\/\/web.devops.arsat.com.ar\/#\/schema\/logo\/image\/\",\"url\":\"https:\/\/www.arsat.com.ar\/wp-content\/uploads\/2021\/03\/Antena-desde-aire.jpg\",\"contentUrl\":\"https:\/\/www.arsat.com.ar\/wp-content\/uploads\/2021\/03\/Antena-desde-aire.jpg\",\"width\":1750,\"height\":984,\"caption\":\"ARSAT\"},\"image\":{\"@id\":\"https:\/\/\/web.devops.arsat.com.ar\/#\/schema\/logo\/image\/\"}}]}<\/script>\n<!-- \/ Yoast SEO plugin. -->","yoast_head_json":{"title":"Conectividad Terrestre - Arsat","description":"Brindamos Internet con altas velocidades gracias a nuestra Red Federal de Fibra \u00d3ptica que tiene desplegados m\u00e1s de 31.000 km iluminados.","robots":{"index":"index","follow":"follow","max-snippet":"max-snippet:-1","max-image-preview":"max-image-preview:large","max-video-preview":"max-video-preview:-1"},"canonical":"https:\/\/web.devops.arsat.com.ar\/soluciones-comerciales\/conectividad\/terrestre\/","og_locale":"es_ES","og_type":"article","og_title":"Conectividad Terrestre - Arsat","og_description":"Brindamos Internet con altas velocidades gracias a nuestra Red Federal de Fibra \u00d3ptica que tiene desplegados m\u00e1s de 31.000 km iluminados.","og_url":"https:\/\/\/web.devops.arsat.com.ar\/soluciones-comerciales\/conectividad\/terrestre\/","og_site_name":"Arsat","article_publisher":"https:\/\/www.facebook.com\/arsatsa\/","article_modified_time":"2024-03-12T18:35:19+00:00","og_image":[{"width":512,"height":512,"url":"https:\/\/web.devops.arsat.com.ar\/wp-content\/uploads\/2023\/01\/icono-servicio-terrestre.png","type":"image\/png"}],"twitter_card":"summary_large_image","twitter_site":"@ARSATSA","twitter_misc":{"Tiempo de lectura":"2 minutos"},"schema":{"@context":"https:\/\/schema.org","@graph":[{"@type":"WebPage","@id":"https:\/\/\/web.devops.arsat.com.ar\/soluciones-comerciales\/conectividad\/terrestre\/","url":"https:\/\/\/web.devops.arsat.com.ar\/soluciones-comerciales\/conectividad\/terrestre\/","name":"Conectividad Terrestre - Arsat","isPartOf":{"@id":"https:\/\/\/web.devops.arsat.com.ar\/#website"},"datePublished":"2023-01-21T10:25:38+00:00","dateModified":"2024-03-12T18:35:19+00:00","description":"Brindamos Internet con altas velocidades gracias a nuestra Red Federal de Fibra \u00d3ptica que tiene desplegados m\u00e1s de 31.000 km iluminados.","breadcrumb":{"@id":"https:\/\/\/web.devops.arsat.com.ar\/soluciones-comerciales\/conectividad\/terrestre\/#breadcrumb"},"inLanguage":"es","potentialAction":[{"@type":"ReadAction","target":["https:\/\/\/web.devops.arsat.com.ar\/soluciones-comerciales\/conectividad\/terrestre\/"]}]},{"@type":"BreadcrumbList","@id":"https:\/\/\/web.devops.arsat.com.ar\/soluciones-comerciales\/conectividad\/terrestre\/#breadcrumb","itemListElement":[{"@type":"ListItem","position":1,"name":"Inicio","item":"\/"},{"@type":"ListItem","position":2,"name":"Soluciones comerciales","item":"\/"},{"@type":"ListItem","position":3,"name":"Conectividad","item":"\/"},{"@type":"ListItem","position":4,"name":"Conectividad Terrestre"}]},{"@type":"WebSite","@id":"https:\/\/\/web.devops.arsat.com.ar\/#website","url":"https:\/\/\/web.devops.arsat.com.ar\/","name":"Arsat","description":"Estamos conectados","publisher":{"@id":"https:\/\/\/web.devops.arsat.com.ar\/#organization"},"potentialAction":[{"@type":"SearchAction","target":{"@type":"EntryPoint","urlTemplate":"https:\/\/\/web.devops.arsat.com.ar\/?s={search_term_string}"},"query-input":"required name=search_term_string"}],"inLanguage":"es"},{"@type":"Organization","@id":"https:\/\/\/web.devops.arsat.com.ar\/#organization","name":"ARSAT","url":"https:\/\/\/web.devops.arsat.com.ar\/","sameAs":["https:\/\/www.instagram.com\/arsatok\/","https:\/\/www.youtube.com\/channel\/UCzMa-rxDrzoFGPdmhsewDiA","https:\/\/www.facebook.com\/arsatsa\/","https:\/\/twitter.com\/ARSATSA"],"logo":{"@type":"ImageObject","inLanguage":"es","@id":"https:\/\/\/web.devops.arsat.com.ar\/#\/schema\/logo\/image\/","url":"https:\/\/www.arsat.com.ar\/wp-content\/uploads\/2021\/03\/Antena-desde-aire.jpg","contentUrl":"https:\/\/www.arsat.com.ar\/wp-content\/uploads\/2021\/03\/Antena-desde-aire.jpg","width":1750,"height":984,"caption":"ARSAT"},"image":{"@id":"https:\/\/\/web.devops.arsat.com.ar\/#\/schema\/logo\/image\/"}}]}},"_links":{"self":[{"href":"https:\/\/\/web.devops.arsat.com.ar\/wp-json\/wp\/v2\/pages\/7892","targetHints":{"allow":["GET"]}}],"collection":[{"href":"https:\/\/\/web.devops.arsat.com.ar\/wp-json\/wp\/v2\/pages"}],"about":[{"href":"https:\/\/\/web.devops.arsat.com.ar\/wp-json\/wp\/v2\/types\/page"}],"author":[{"embeddable":true,"href":"https:\/\/\/web.devops.arsat.com.ar\/wp-json\/wp\/v2\/users\/15"}],"replies":[{"embeddable":true,"href":"https:\/\/\/web.devops.arsat.com.ar\/wp-json\/wp\/v2\/comments?post=7892"}],"version-history":[{"count":9,"href":"https:\/\/\/web.devops.arsat.com.ar\/wp-json\/wp\/v2\/pages\/7892\/revisions"}],"predecessor-version":[{"id":9127,"href":"https:\/\/\/web.devops.arsat.com.ar\/wp-json\/wp\/v2\/pages\/7892\/revisions\/9127"}],"up":[{"embeddable":true,"href":"https:\/\/\/web.devops.arsat.com.ar\/wp-json\/wp\/v2\/pages\/8067"}],"wp:featuredmedia":[{"embeddable":true,"href":"https:\/\/\/web.devops.arsat.com.ar\/wp-json\/wp\/v2\/media\/7893"}],"wp:attachment":[{"href":"https:\/\/\/web.devops.arsat.com.ar\/wp-json\/wp\/v2\/media?parent=7892"}],"curies":[{"name":"wp","href":"https:\/\/api.w.org\/{rel}","templated":true}]}}