{"id":7897,"date":"2023-01-21T07:33:21","date_gmt":"2023-01-21T10:33:21","guid":{"rendered":"https:\/\/www.web.devops.arsat.com.ar\/?page_id=7897"},"modified":"2023-09-20T13:10:51","modified_gmt":"2023-09-20T16:10:51","slug":"satelital","status":"publish","type":"page","link":"https:\/\/\/web.devops.arsat.com.ar\/soluciones-comerciales\/conectividad\/satelital\/","title":{"rendered":"Conectividad Satelital"},"content":{"rendered":"<h3 id=\"banda\">Banda Ancha Satelital<\/h3>\n<p>Brindamos nuestro servicio de Banda Ancha Satelital para revendedores, con distintos planes de consumo, transmitiendo en Banda Ka y cubriendo todo el territorio argentino<\/p>\n<h3 id=\"conectividad\">Conectividad Satelital (VNO)<\/h3>\n<p>Ofrecemos nuestro servicio de Capacidad Satelital en Banda Ka, en Mbps, con pisada sobre todo el territorio argentino. Proveemos toda la infraestructura central sin necesidad de inversi\u00f3n por parte del cliente, con posibilidad de crecimiento en forma escalonada.<\/p>\n<h3 id=\"capacidad\">Capacidad Satelital<\/h3>\n<p>A trav\u00e9s de los sat\u00e9lites ARSAT-1 y ARSAT-2, ofrecemos el servicio de espacio sobre nuestros sat\u00e9lites, llegando a todo el continente americano, en Banda C o Banda Ku. El cliente puede disponer de una cantidad fija mensual o activar el servicio cuando lo necesita.<\/p>\n<h5><strong>Modalidades<\/strong><\/h5>\n<ul>\n<li>Capacidad Fija<\/li>\n<li>Uso Ocasional<\/li>\n<\/ul>\n<h3 id=\"housing\">Housing Satelital<\/h3>\n<p>Ofrecemos nuestro servicio para albergar o implementar, con nuestra infraestructura, subida o bajada de se\u00f1ales satelitales, redes VSAT, se\u00f1ales de TV, enlaces de datos, contribuciones, etc. con amplia flexibilidad y conectividad a redes terrestres.<\/p>\n<h3 id=\"vsat\">VSAT<\/h3>\n<p>A trav\u00e9s de los sat\u00e9lites ARSAT-1 y ARSAT-2, ponemos a disposici\u00f3n del cliente nuestros servicios de VSAT (Very Small Aperture Terminal) para intercambio de Internet y\/o Datos en el territorio nacional.<\/p>\n<h3 id=\"iot\">IoT Satelital<\/h3>\n<p>A trav\u00e9s de nuestro sat\u00e9lite geoestacionario ARSAT-1, ofrecemos nuestro servicio de mensajes bidireccionales para aplicaciones fijas o en movimiento, con bajo costo de instalaci\u00f3n y mantenimiento, y con cobertura en todo el territorio argentino.<\/p>\n","protected":false},"excerpt":{"rendered":"Banda Ancha Satelital Brindamos nuestro servicio de Banda Ancha Satelital para revendedores, con distintos planes de consumo, transmitiendo en Banda Ka y cubriendo todo el territorio argentino Conectividad Satelital (VNO) Ofrecemos nuestro servicio de Capacidad Satelital en Banda Ka, en Mbps, con pisada sobre todo el territorio argentino. Proveemos toda la infraestructura central sin necesidad&#8230; <a class=\"view-article\" href=\"https:\/\/\/web.devops.arsat.com.ar\/soluciones-comerciales\/conectividad\/satelital\/\">View Article<\/a>","protected":false},"author":15,"featured_media":7898,"parent":8067,"menu_order":24,"comment_status":"closed","ping_status":"closed","template":"template-soluciones.php","meta":{"footnotes":""},"class_list":["post-7897","page","type-page","status-publish","has-post-thumbnail","hentry"],"acf":[],"yoast_head":"<!-- This site is optimized with the Yoast SEO plugin v19.7.2 - https:\/\/yoast.com\/wordpress\/plugins\/seo\/ -->\n<title>Conectividad Satelital - Arsat<\/title>\n<meta name=\"robots\" content=\"index, follow, max-snippet:-1, max-image-preview:large, max-video-preview:-1\" \/>\n<link rel=\"canonical\" href=\"https:\/\/web.devops.arsat.com.ar\/soluciones-comerciales\/conectividad\/satelital\/\" \/>\n<meta property=\"og:locale\" content=\"es_ES\" \/>\n<meta property=\"og:type\" content=\"article\" \/>\n<meta property=\"og:title\" content=\"Conectividad Satelital - Arsat\" \/>\n<meta property=\"og:description\" content=\"Banda Ancha Satelital Brindamos nuestro servicio de Banda Ancha Satelital para revendedores, con distintos planes de consumo, transmitiendo en Banda Ka y cubriendo todo el territorio argentino Conectividad Satelital (VNO) Ofrecemos nuestro servicio de Capacidad Satelital en Banda Ka, en Mbps, con pisada sobre todo el territorio argentino. Proveemos toda la infraestructura central sin necesidad... View Article\" \/>\n<meta property=\"og:url\" content=\"https:\/\/\/web.devops.arsat.com.ar\/soluciones-comerciales\/conectividad\/satelital\/\" \/>\n<meta property=\"og:site_name\" content=\"Arsat\" \/>\n<meta property=\"article:publisher\" content=\"https:\/\/www.facebook.com\/arsatsa\/\" \/>\n<meta property=\"article:modified_time\" content=\"2023-09-20T16:10:51+00:00\" \/>\n<meta property=\"og:image\" content=\"https:\/\/web.devops.arsat.com.ar\/wp-content\/uploads\/2023\/01\/icono-servicio-satelital.png\" \/>\n\t<meta property=\"og:image:width\" content=\"512\" \/>\n\t<meta property=\"og:image:height\" content=\"512\" \/>\n\t<meta property=\"og:image:type\" content=\"image\/png\" \/>\n<meta name=\"twitter:card\" content=\"summary_large_image\" \/>\n<meta name=\"twitter:site\" content=\"@ARSATSA\" \/>\n<meta name=\"twitter:label1\" content=\"Tiempo de lectura\" \/>\n\t<meta name=\"twitter:data1\" content=\"1 minuto\" \/>\n<script type=\"application\/ld+json\" class=\"yoast-schema-graph\">{\"@context\":\"https:\/\/schema.org\",\"@graph\":[{\"@type\":\"WebPage\",\"@id\":\"https:\/\/\/web.devops.arsat.com.ar\/soluciones-comerciales\/conectividad\/satelital\/\",\"url\":\"https:\/\/\/web.devops.arsat.com.ar\/soluciones-comerciales\/conectividad\/satelital\/\",\"name\":\"Conectividad Satelital - Arsat\",\"isPartOf\":{\"@id\":\"https:\/\/\/web.devops.arsat.com.ar\/#website\"},\"datePublished\":\"2023-01-21T10:33:21+00:00\",\"dateModified\":\"2023-09-20T16:10:51+00:00\",\"breadcrumb\":{\"@id\":\"https:\/\/\/web.devops.arsat.com.ar\/soluciones-comerciales\/conectividad\/satelital\/#breadcrumb\"},\"inLanguage\":\"es\",\"potentialAction\":[{\"@type\":\"ReadAction\",\"target\":[\"https:\/\/\/web.devops.arsat.com.ar\/soluciones-comerciales\/conectividad\/satelital\/\"]}]},{\"@type\":\"BreadcrumbList\",\"@id\":\"https:\/\/\/web.devops.arsat.com.ar\/soluciones-comerciales\/conectividad\/satelital\/#breadcrumb\",\"itemListElement\":[{\"@type\":\"ListItem\",\"position\":1,\"name\":\"Inicio\",\"item\":\"\/\"},{\"@type\":\"ListItem\",\"position\":2,\"name\":\"Soluciones comerciales\",\"item\":\"\/\"},{\"@type\":\"ListItem\",\"position\":3,\"name\":\"Conectividad\",\"item\":\"\/\"},{\"@type\":\"ListItem\",\"position\":4,\"name\":\"Conectividad Satelital\"}]},{\"@type\":\"WebSite\",\"@id\":\"https:\/\/\/web.devops.arsat.com.ar\/#website\",\"url\":\"https:\/\/\/web.devops.arsat.com.ar\/\",\"name\":\"Arsat\",\"description\":\"Estamos conectados\",\"publisher\":{\"@id\":\"https:\/\/\/web.devops.arsat.com.ar\/#organization\"},\"potentialAction\":[{\"@type\":\"SearchAction\",\"target\":{\"@type\":\"EntryPoint\",\"urlTemplate\":\"https:\/\/\/web.devops.arsat.com.ar\/?s={search_term_string}\"},\"query-input\":\"required name=search_term_string\"}],\"inLanguage\":\"es\"},{\"@type\":\"Organization\",\"@id\":\"https:\/\/\/web.devops.arsat.com.ar\/#organization\",\"name\":\"ARSAT\",\"url\":\"https:\/\/\/web.devops.arsat.com.ar\/\",\"sameAs\":[\"https:\/\/www.instagram.com\/arsatok\/\",\"https:\/\/www.youtube.com\/channel\/UCzMa-rxDrzoFGPdmhsewDiA\",\"https:\/\/www.facebook.com\/arsatsa\/\",\"https:\/\/twitter.com\/ARSATSA\"],\"logo\":{\"@type\":\"ImageObject\",\"inLanguage\":\"es\",\"@id\":\"https:\/\/\/web.devops.arsat.com.ar\/#\/schema\/logo\/image\/\",\"url\":\"https:\/\/www.arsat.com.ar\/wp-content\/uploads\/2021\/03\/Antena-desde-aire.jpg\",\"contentUrl\":\"https:\/\/www.arsat.com.ar\/wp-content\/uploads\/2021\/03\/Antena-desde-aire.jpg\",\"width\":1750,\"height\":984,\"caption\":\"ARSAT\"},\"image\":{\"@id\":\"https:\/\/\/web.devops.arsat.com.ar\/#\/schema\/logo\/image\/\"}}]}<\/script>\n<!-- \/ Yoast SEO plugin. -->","yoast_head_json":{"title":"Conectividad Satelital - Arsat","robots":{"index":"index","follow":"follow","max-snippet":"max-snippet:-1","max-image-preview":"max-image-preview:large","max-video-preview":"max-video-preview:-1"},"canonical":"https:\/\/web.devops.arsat.com.ar\/soluciones-comerciales\/conectividad\/satelital\/","og_locale":"es_ES","og_type":"article","og_title":"Conectividad Satelital - Arsat","og_description":"Banda Ancha Satelital Brindamos nuestro servicio de Banda Ancha Satelital para revendedores, con distintos planes de consumo, transmitiendo en Banda Ka y cubriendo todo el territorio argentino Conectividad Satelital (VNO) Ofrecemos nuestro servicio de Capacidad Satelital en Banda Ka, en Mbps, con pisada sobre todo el territorio argentino. Proveemos toda la infraestructura central sin necesidad... View Article","og_url":"https:\/\/\/web.devops.arsat.com.ar\/soluciones-comerciales\/conectividad\/satelital\/","og_site_name":"Arsat","article_publisher":"https:\/\/www.facebook.com\/arsatsa\/","article_modified_time":"2023-09-20T16:10:51+00:00","og_image":[{"width":512,"height":512,"url":"https:\/\/web.devops.arsat.com.ar\/wp-content\/uploads\/2023\/01\/icono-servicio-satelital.png","type":"image\/png"}],"twitter_card":"summary_large_image","twitter_site":"@ARSATSA","twitter_misc":{"Tiempo de lectura":"1 minuto"},"schema":{"@context":"https:\/\/schema.org","@graph":[{"@type":"WebPage","@id":"https:\/\/\/web.devops.arsat.com.ar\/soluciones-comerciales\/conectividad\/satelital\/","url":"https:\/\/\/web.devops.arsat.com.ar\/soluciones-comerciales\/conectividad\/satelital\/","name":"Conectividad Satelital - Arsat","isPartOf":{"@id":"https:\/\/\/web.devops.arsat.com.ar\/#website"},"datePublished":"2023-01-21T10:33:21+00:00","dateModified":"2023-09-20T16:10:51+00:00","breadcrumb":{"@id":"https:\/\/\/web.devops.arsat.com.ar\/soluciones-comerciales\/conectividad\/satelital\/#breadcrumb"},"inLanguage":"es","potentialAction":[{"@type":"ReadAction","target":["https:\/\/\/web.devops.arsat.com.ar\/soluciones-comerciales\/conectividad\/satelital\/"]}]},{"@type":"BreadcrumbList","@id":"https:\/\/\/web.devops.arsat.com.ar\/soluciones-comerciales\/conectividad\/satelital\/#breadcrumb","itemListElement":[{"@type":"ListItem","position":1,"name":"Inicio","item":"\/"},{"@type":"ListItem","position":2,"name":"Soluciones comerciales","item":"\/"},{"@type":"ListItem","position":3,"name":"Conectividad","item":"\/"},{"@type":"ListItem","position":4,"name":"Conectividad Satelital"}]},{"@type":"WebSite","@id":"https:\/\/\/web.devops.arsat.com.ar\/#website","url":"https:\/\/\/web.devops.arsat.com.ar\/","name":"Arsat","description":"Estamos conectados","publisher":{"@id":"https:\/\/\/web.devops.arsat.com.ar\/#organization"},"potentialAction":[{"@type":"SearchAction","target":{"@type":"EntryPoint","urlTemplate":"https:\/\/\/web.devops.arsat.com.ar\/?s={search_term_string}"},"query-input":"required name=search_term_string"}],"inLanguage":"es"},{"@type":"Organization","@id":"https:\/\/\/web.devops.arsat.com.ar\/#organization","name":"ARSAT","url":"https:\/\/\/web.devops.arsat.com.ar\/","sameAs":["https:\/\/www.instagram.com\/arsatok\/","https:\/\/www.youtube.com\/channel\/UCzMa-rxDrzoFGPdmhsewDiA","https:\/\/www.facebook.com\/arsatsa\/","https:\/\/twitter.com\/ARSATSA"],"logo":{"@type":"ImageObject","inLanguage":"es","@id":"https:\/\/\/web.devops.arsat.com.ar\/#\/schema\/logo\/image\/","url":"https:\/\/www.arsat.com.ar\/wp-content\/uploads\/2021\/03\/Antena-desde-aire.jpg","contentUrl":"https:\/\/www.arsat.com.ar\/wp-content\/uploads\/2021\/03\/Antena-desde-aire.jpg","width":1750,"height":984,"caption":"ARSAT"},"image":{"@id":"https:\/\/\/web.devops.arsat.com.ar\/#\/schema\/logo\/image\/"}}]}},"_links":{"self":[{"href":"https:\/\/\/web.devops.arsat.com.ar\/wp-json\/wp\/v2\/pages\/7897","targetHints":{"allow":["GET"]}}],"collection":[{"href":"https:\/\/\/web.devops.arsat.com.ar\/wp-json\/wp\/v2\/pages"}],"about":[{"href":"https:\/\/\/web.devops.arsat.com.ar\/wp-json\/wp\/v2\/types\/page"}],"author":[{"embeddable":true,"href":"https:\/\/\/web.devops.arsat.com.ar\/wp-json\/wp\/v2\/users\/15"}],"replies":[{"embeddable":true,"href":"https:\/\/\/web.devops.arsat.com.ar\/wp-json\/wp\/v2\/comments?post=7897"}],"version-history":[{"count":10,"href":"https:\/\/\/web.devops.arsat.com.ar\/wp-json\/wp\/v2\/pages\/7897\/revisions"}],"predecessor-version":[{"id":8856,"href":"https:\/\/\/web.devops.arsat.com.ar\/wp-json\/wp\/v2\/pages\/7897\/revisions\/8856"}],"up":[{"embeddable":true,"href":"https:\/\/\/web.devops.arsat.com.ar\/wp-json\/wp\/v2\/pages\/8067"}],"wp:featuredmedia":[{"embeddable":true,"href":"https:\/\/\/web.devops.arsat.com.ar\/wp-json\/wp\/v2\/media\/7898"}],"wp:attachment":[{"href":"https:\/\/\/web.devops.arsat.com.ar\/wp-json\/wp\/v2\/media?parent=7897"}],"curies":[{"name":"wp","href":"https:\/\/api.w.org\/{rel}","templated":true}]}}